{"id":66,"date":"2020-06-02T08:38:59","date_gmt":"2020-06-02T06:38:59","guid":{"rendered":"https:\/\/projects.pmfst.unist.hr\/argas\/?page_id=66"},"modified":"2020-06-02T08:58:35","modified_gmt":"2020-06-02T06:58:35","slug":"contact","status":"publish","type":"page","link":"https:\/\/projects.pmfst.unist.hr\/argas\/contact\/","title":{"rendered":"CONTACT"},"content":{"rendered":"<div class=\"wpb-content-wrapper\">[vc_row][vc_column][mk_contact_info phone=&#8221;+385 21 619 281 , +385 98 373 107&#8243; email=&#8221;amaravic@pmfst.hr&#8221; address=&#8221;Ru\u0111era Bo\u0161kovi\u0107a 33, 21000 Split, Croatia&#8221; person=&#8221;Ana Maravi\u0107, PhD, Associate professor&#8221; company=&#8221;Department of Biology Faculty of Science, University of Split&#8221; website=&#8221;https:\/\/projects.pmfst.unist.hr\/argas&#8221;][\/vc_column][\/vc_row]\n<\/div>","protected":false},"excerpt":{"rendered":"<p>[vc_row][vc_column][mk_contact_info phone=&#8221;+385 21 619 281 , +385 98 373 107&#8243; email=&#8221;amaravic@pmfst.hr&#8221; address=&#8221;Ru\u0111era Bo\u0161kovi\u0107a 33, 21000 Split, Croatia&#8221; person=&#8221;Ana Maravi\u0107, PhD, Associate professor&#8221; company=&#8221;Department of Biology Faculty of Science, University of Split&#8221; website=&#8221;https:\/\/projects.pmfst.unist.hr\/argas&#8221;][\/vc_column][\/vc_row]<\/p>\n","protected":false},"author":1,"featured_media":0,"parent":0,"menu_order":0,"comment_status":"closed","ping_status":"closed","template":"","meta":{"footnotes":""},"class_list":["post-66","page","type-page","status-publish","hentry"],"yoast_head":"<!-- This site is optimized with the Yoast SEO plugin v27.1.1 - https:\/\/yoast.com\/product\/yoast-seo-wordpress\/ -->\n<title>CONTACT - ARGAS<\/title>\n<meta name=\"robots\" content=\"index, follow, max-snippet:-1, max-image-preview:large, max-video-preview:-1\" \/>\n<link rel=\"canonical\" href=\"https:\/\/projects.pmfst.unist.hr\/argas\/contact\/\" \/>\n<meta property=\"og:locale\" content=\"hr_HR\" \/>\n<meta property=\"og:type\" content=\"article\" \/>\n<meta property=\"og:title\" content=\"CONTACT - ARGAS\" \/>\n<meta property=\"og:description\" content=\"[vc_row][vc_column][mk_contact_info phone=&#8221;+385 21 619 281 , +385 98 373 107&#8243; email=&#8221;amaravic@pmfst.hr&#8221; address=&#8221;Ru\u0111era Bo\u0161kovi\u0107a 33, 21000 Split, Croatia&#8221; person=&#8221;Ana Maravi\u0107, PhD, Associate professor&#8221; company=&#8221;Department of Biology Faculty of Science, University of Split&#8221; website=&#8221;https:\/\/projects.pmfst.unist.hr\/argas&#8221;][\/vc_column][\/vc_row]\" \/>\n<meta property=\"og:url\" content=\"https:\/\/projects.pmfst.unist.hr\/argas\/contact\/\" \/>\n<meta property=\"og:site_name\" content=\"ARGAS\" \/>\n<meta property=\"article:modified_time\" content=\"2020-06-02T06:58:35+00:00\" \/>\n<meta name=\"twitter:card\" content=\"summary_large_image\" \/>\n<script type=\"application\/ld+json\" class=\"yoast-schema-graph\">{\"@context\":\"https:\/\/schema.org\",\"@graph\":[{\"@type\":\"WebPage\",\"@id\":\"https:\/\/projects.pmfst.unist.hr\/argas\/contact\/\",\"url\":\"https:\/\/projects.pmfst.unist.hr\/argas\/contact\/\",\"name\":\"CONTACT - ARGAS\",\"isPartOf\":{\"@id\":\"https:\/\/projects.pmfst.unist.hr\/argas\/#website\"},\"datePublished\":\"2020-06-02T06:38:59+00:00\",\"dateModified\":\"2020-06-02T06:58:35+00:00\",\"breadcrumb\":{\"@id\":\"https:\/\/projects.pmfst.unist.hr\/argas\/contact\/#breadcrumb\"},\"inLanguage\":\"hr\",\"potentialAction\":[{\"@type\":\"ReadAction\",\"target\":[\"https:\/\/projects.pmfst.unist.hr\/argas\/contact\/\"]}]},{\"@type\":\"BreadcrumbList\",\"@id\":\"https:\/\/projects.pmfst.unist.hr\/argas\/contact\/#breadcrumb\",\"itemListElement\":[{\"@type\":\"ListItem\",\"position\":1,\"name\":\"Po\u010detna stranica\",\"item\":\"https:\/\/projects.pmfst.unist.hr\/argas\/\"},{\"@type\":\"ListItem\",\"position\":2,\"name\":\"CONTACT\"}]},{\"@type\":\"WebSite\",\"@id\":\"https:\/\/projects.pmfst.unist.hr\/argas\/#website\",\"url\":\"https:\/\/projects.pmfst.unist.hr\/argas\/\",\"name\":\"ARGAS\",\"description\":\"Seasonal and spatial distribution of antibiotic resistance genes in marine microbial communities along a trophic gradient in central Adriatic Sea\",\"potentialAction\":[{\"@type\":\"SearchAction\",\"target\":{\"@type\":\"EntryPoint\",\"urlTemplate\":\"https:\/\/projects.pmfst.unist.hr\/argas\/?s={search_term_string}\"},\"query-input\":{\"@type\":\"PropertyValueSpecification\",\"valueRequired\":true,\"valueName\":\"search_term_string\"}}],\"inLanguage\":\"hr\"}]}<\/script>\n<!-- \/ Yoast SEO plugin. -->","yoast_head_json":{"title":"CONTACT - ARGAS","robots":{"index":"index","follow":"follow","max-snippet":"max-snippet:-1","max-image-preview":"max-image-preview:large","max-video-preview":"max-video-preview:-1"},"canonical":"https:\/\/projects.pmfst.unist.hr\/argas\/contact\/","og_locale":"hr_HR","og_type":"article","og_title":"CONTACT - ARGAS","og_description":"[vc_row][vc_column][mk_contact_info phone=&#8221;+385 21 619 281 , +385 98 373 107&#8243; email=&#8221;amaravic@pmfst.hr&#8221; address=&#8221;Ru\u0111era Bo\u0161kovi\u0107a 33, 21000 Split, Croatia&#8221; person=&#8221;Ana Maravi\u0107, PhD, Associate professor&#8221; company=&#8221;Department of Biology Faculty of Science, University of Split&#8221; website=&#8221;https:\/\/projects.pmfst.unist.hr\/argas&#8221;][\/vc_column][\/vc_row]","og_url":"https:\/\/projects.pmfst.unist.hr\/argas\/contact\/","og_site_name":"ARGAS","article_modified_time":"2020-06-02T06:58:35+00:00","twitter_card":"summary_large_image","schema":{"@context":"https:\/\/schema.org","@graph":[{"@type":"WebPage","@id":"https:\/\/projects.pmfst.unist.hr\/argas\/contact\/","url":"https:\/\/projects.pmfst.unist.hr\/argas\/contact\/","name":"CONTACT - ARGAS","isPartOf":{"@id":"https:\/\/projects.pmfst.unist.hr\/argas\/#website"},"datePublished":"2020-06-02T06:38:59+00:00","dateModified":"2020-06-02T06:58:35+00:00","breadcrumb":{"@id":"https:\/\/projects.pmfst.unist.hr\/argas\/contact\/#breadcrumb"},"inLanguage":"hr","potentialAction":[{"@type":"ReadAction","target":["https:\/\/projects.pmfst.unist.hr\/argas\/contact\/"]}]},{"@type":"BreadcrumbList","@id":"https:\/\/projects.pmfst.unist.hr\/argas\/contact\/#breadcrumb","itemListElement":[{"@type":"ListItem","position":1,"name":"Po\u010detna stranica","item":"https:\/\/projects.pmfst.unist.hr\/argas\/"},{"@type":"ListItem","position":2,"name":"CONTACT"}]},{"@type":"WebSite","@id":"https:\/\/projects.pmfst.unist.hr\/argas\/#website","url":"https:\/\/projects.pmfst.unist.hr\/argas\/","name":"ARGAS","description":"Seasonal and spatial distribution of antibiotic resistance genes in marine microbial communities along a trophic gradient in central Adriatic Sea","potentialAction":[{"@type":"SearchAction","target":{"@type":"EntryPoint","urlTemplate":"https:\/\/projects.pmfst.unist.hr\/argas\/?s={search_term_string}"},"query-input":{"@type":"PropertyValueSpecification","valueRequired":true,"valueName":"search_term_string"}}],"inLanguage":"hr"}]}},"_links":{"self":[{"href":"https:\/\/projects.pmfst.unist.hr\/argas\/wp-json\/wp\/v2\/pages\/66","targetHints":{"allow":["GET"]}}],"collection":[{"href":"https:\/\/projects.pmfst.unist.hr\/argas\/wp-json\/wp\/v2\/pages"}],"about":[{"href":"https:\/\/projects.pmfst.unist.hr\/argas\/wp-json\/wp\/v2\/types\/page"}],"author":[{"embeddable":true,"href":"https:\/\/projects.pmfst.unist.hr\/argas\/wp-json\/wp\/v2\/users\/1"}],"replies":[{"embeddable":true,"href":"https:\/\/projects.pmfst.unist.hr\/argas\/wp-json\/wp\/v2\/comments?post=66"}],"version-history":[{"count":0,"href":"https:\/\/projects.pmfst.unist.hr\/argas\/wp-json\/wp\/v2\/pages\/66\/revisions"}],"wp:attachment":[{"href":"https:\/\/projects.pmfst.unist.hr\/argas\/wp-json\/wp\/v2\/media?parent=66"}],"curies":[{"name":"wp","href":"https:\/\/api.w.org\/{rel}","templated":true}]}}