{"id":6,"date":"2026-02-10T13:26:21","date_gmt":"2026-02-10T12:26:21","guid":{"rendered":"https:\/\/projects.pmfst.unist.hr\/biofide\/?page_id=6"},"modified":"2026-02-25T11:30:24","modified_gmt":"2026-02-25T10:30:24","slug":"o-projektu","status":"publish","type":"page","link":"https:\/\/projects.pmfst.unist.hr\/biofide\/","title":{"rendered":"bioFIDE"},"content":{"rendered":"<div class=\"wpb-content-wrapper\">[vc_row][vc_column][vc_column_text margin_bottom=&#8221;0&#8243; css=&#8221;.vc_custom_1772015213675{margin-bottom: 0px !important;}&#8221;]<strong>Molekule i (nano)materijali za bioFunkcionalne Integracije: od Dizajna do edukacije (bioFIDE)<\/strong><br \/>\n<strong>Identifikator projekta:<\/strong> IP-UNIST-47<br \/>\n<strong>Tip projekta:<\/strong> Istra\u017eiva\u010dki projekt<br \/>\n<strong>Izvor financiranja:<\/strong> Europska unija \u2013 program NextGenerationEU<br \/>\n<strong>Source of funding:<\/strong> European Unio<br \/>\n<strong>Trajanje projekta:<\/strong> 1.10.2025. &#8211; 30. 09. 2029.<\/p>\n<p>Razumijevanje i kontrola biofunkcionalnih interakcija na nano- i molekularnoj razini klju\u010dni su za razvoj naprednih materijala i tehnologija s primjenom u biomedicini i razvoju senzora. Projekt bioFIDE uspostavlja interdisciplinarni pristup koji kombinira sintezu i karakterin \u2013 NextGenerationEU programmezaciju (nano)strukturiranih povr\u0161ina, dizajn amfifilnih molekula te ra\u010dunalno modeliranje biolo\u0161kih sustava. Fokus je na istra\u017eivanju biokompatibilnih materijala, proizvodnji stabilnih i funkcionalnih nanostruktura plemenitih metala i metalnih oksida s pobolj\u0161anom aktivno\u0161\u0107u, uklju\u010duju\u0107i razvoj senzora za detekciju hlapivih organskih spojeva na sobnoj temperaturi. Paralelno se razvijaju novi bioaktivni i ekolo\u0161ki prihvatljivi kvaterni amonijevi spojevi s ciljem suzbijanja bakterijske rezistencije. Kroz napredne metode molekularne dinamike i analize slika, prou\u010davaju se mehanizmi molekularnih interakcija i biolo\u0161ke aktivnosti. Projekt tako\u0111er uklju\u010duje izradu digitalnih edukativnih alata i platformi za popularizaciju znanosti te obrazovanje studenata, u\u010denika i \u0161ire javnosti.<br \/>\nO\u010dekivani rezultati pridonijet \u0107e razumijevanju fundamentalnih procesa, razvoju novih funkcionalnih materijala te unapre\u0111enju obrazovanja u STEM podru\u010dju, poti\u010du\u0107i interdisciplinarnu suradnju i razvoj relevantnih inovacija s dru\u0161tvenim i gospodarskim utjecajem.<br \/>\nBioFIDE projekt strukturiran je u tri povezana radna paketa. Prvi radni paket (NANO) obuhva\u0107a izradu i karakterizaciju biolo\u0161ki aktivnih i\/ili kompatibilnih povr\u0161ina i nanostruktura. Drugi paket (CHEM) usmjeren je na sintezu, karakterizaciju, ispitivanje aktivnosti i razgradnju amfifilnih molekula. Tre\u0107i radni paket (EDU\u2013MOD) uklju\u010duje modeliranje biosustava i analizu eksperimentalnih podataka, s posebnim naglaskom na popularizaciju znanosti te pribli\u017eavanje znanstvenih metoda studentima i u\u010denicima.[\/vc_column_text][\/vc_column][\/vc_row][vc_row][vc_column width=&#8221;1\/6&#8243;][\/vc_column][vc_column width=&#8221;2\/3&#8243;][mk_image src=&#8221;https:\/\/projects.pmfst.unist.hr\/biofide\/wp-content\/uploads\/sites\/16\/2026\/02\/biofide-1.png&#8221; image_size=&#8221;full&#8221; margin_bottom=&#8221;10&#8243;][\/vc_column][vc_column width=&#8221;1\/6&#8243;][\/vc_column][\/vc_row]\n<\/div>","protected":false},"excerpt":{"rendered":"<p>[vc_row][vc_column][vc_column_text margin_bottom=&#8221;0&#8243; css=&#8221;.vc_custom_1772015213675{margin-bottom: 0px !important;}&#8221;]Molekule i (nano)materijali za bioFunkcionalne Integracije: od Dizajna do edukacije (bioFIDE) Identifikator projekta: IP-UNIST-47 Tip projekta: Istra\u017eiva\u010dki projekt Izvor financiranja: Europska unija \u2013 program NextGenerationEU Source of funding: European Unio Trajanje projekta: 1.10.2025. &#8211; 30. 09. 2029. Razumijevanje i kontrola biofunkcionalnih interakcija na nano- i molekularnoj razini klju\u010dni su za razvoj [&hellip;]<\/p>\n","protected":false},"author":1,"featured_media":0,"parent":0,"menu_order":0,"comment_status":"closed","ping_status":"closed","template":"","meta":{"footnotes":""},"class_list":["post-6","page","type-page","status-publish","hentry"],"yoast_head":"<!-- This site is optimized with the Yoast SEO plugin v27.3 - https:\/\/yoast.com\/product\/yoast-seo-wordpress\/ -->\n<title>bioFIDE - Molekule i (nano)materijali za bioFunkcionalne Integracije: od Dizajna do edukacije (bioFIDE)<\/title>\n<meta name=\"robots\" content=\"index, follow, max-snippet:-1, max-image-preview:large, max-video-preview:-1\" \/>\n<link rel=\"canonical\" href=\"https:\/\/projects.pmfst.unist.hr\/biofide\/\" \/>\n<meta property=\"og:locale\" content=\"hr_HR\" \/>\n<meta property=\"og:type\" content=\"article\" \/>\n<meta property=\"og:title\" content=\"bioFIDE - Molekule i (nano)materijali za bioFunkcionalne Integracije: od Dizajna do edukacije (bioFIDE)\" \/>\n<meta property=\"og:description\" content=\"[vc_row][vc_column][vc_column_text margin_bottom=&#8221;0&#8243; css=&#8221;.vc_custom_1772015213675{margin-bottom: 0px !important;}&#8221;]Molekule i (nano)materijali za bioFunkcionalne Integracije: od Dizajna do edukacije (bioFIDE) Identifikator projekta: IP-UNIST-47 Tip projekta: Istra\u017eiva\u010dki projekt Izvor financiranja: Europska unija \u2013 program NextGenerationEU Source of funding: European Unio Trajanje projekta: 1.10.2025. &#8211; 30. 09. 2029. Razumijevanje i kontrola biofunkcionalnih interakcija na nano- i molekularnoj razini klju\u010dni su za razvoj [&hellip;]\" \/>\n<meta property=\"og:url\" content=\"https:\/\/projects.pmfst.unist.hr\/biofide\/\" \/>\n<meta property=\"og:site_name\" content=\"Molekule i (nano)materijali za bioFunkcionalne Integracije: od Dizajna do edukacije (bioFIDE)\" \/>\n<meta property=\"article:modified_time\" content=\"2026-02-25T10:30:24+00:00\" \/>\n<meta name=\"twitter:card\" content=\"summary_large_image\" \/>\n<meta name=\"twitter:label1\" content=\"Procijenjeno vrijeme \u010ditanja\" \/>\n\t<meta name=\"twitter:data1\" content=\"2 minute\" \/>\n<script type=\"application\/ld+json\" class=\"yoast-schema-graph\">{\"@context\":\"https:\\\/\\\/schema.org\",\"@graph\":[{\"@type\":\"WebPage\",\"@id\":\"https:\\\/\\\/projects.pmfst.unist.hr\\\/biofide\\\/\",\"url\":\"https:\\\/\\\/projects.pmfst.unist.hr\\\/biofide\\\/\",\"name\":\"bioFIDE - Molekule i (nano)materijali za bioFunkcionalne Integracije: od Dizajna do edukacije (bioFIDE)\",\"isPartOf\":{\"@id\":\"https:\\\/\\\/projects.pmfst.unist.hr\\\/biofide\\\/#website\"},\"datePublished\":\"2026-02-10T12:26:21+00:00\",\"dateModified\":\"2026-02-25T10:30:24+00:00\",\"breadcrumb\":{\"@id\":\"https:\\\/\\\/projects.pmfst.unist.hr\\\/biofide\\\/#breadcrumb\"},\"inLanguage\":\"hr\",\"potentialAction\":[{\"@type\":\"ReadAction\",\"target\":[\"https:\\\/\\\/projects.pmfst.unist.hr\\\/biofide\\\/\"]}]},{\"@type\":\"BreadcrumbList\",\"@id\":\"https:\\\/\\\/projects.pmfst.unist.hr\\\/biofide\\\/#breadcrumb\",\"itemListElement\":[{\"@type\":\"ListItem\",\"position\":1,\"name\":\"Po\u010detna stranica\",\"item\":\"https:\\\/\\\/projects.pmfst.unist.hr\\\/biofide\\\/\"},{\"@type\":\"ListItem\",\"position\":2,\"name\":\"bioFIDE\"}]},{\"@type\":\"WebSite\",\"@id\":\"https:\\\/\\\/projects.pmfst.unist.hr\\\/biofide\\\/#website\",\"url\":\"https:\\\/\\\/projects.pmfst.unist.hr\\\/biofide\\\/\",\"name\":\"Molekule i (nano)materijali za bioFunkcionalne Integracije: od Dizajna do edukacije (bioFIDE)\",\"description\":\"\",\"potentialAction\":[{\"@type\":\"SearchAction\",\"target\":{\"@type\":\"EntryPoint\",\"urlTemplate\":\"https:\\\/\\\/projects.pmfst.unist.hr\\\/biofide\\\/?s={search_term_string}\"},\"query-input\":{\"@type\":\"PropertyValueSpecification\",\"valueRequired\":true,\"valueName\":\"search_term_string\"}}],\"inLanguage\":\"hr\"}]}<\/script>\n<!-- \/ Yoast SEO plugin. -->","yoast_head_json":{"title":"bioFIDE - Molekule i (nano)materijali za bioFunkcionalne Integracije: od Dizajna do edukacije (bioFIDE)","robots":{"index":"index","follow":"follow","max-snippet":"max-snippet:-1","max-image-preview":"max-image-preview:large","max-video-preview":"max-video-preview:-1"},"canonical":"https:\/\/projects.pmfst.unist.hr\/biofide\/","og_locale":"hr_HR","og_type":"article","og_title":"bioFIDE - Molekule i (nano)materijali za bioFunkcionalne Integracije: od Dizajna do edukacije (bioFIDE)","og_description":"[vc_row][vc_column][vc_column_text margin_bottom=&#8221;0&#8243; css=&#8221;.vc_custom_1772015213675{margin-bottom: 0px !important;}&#8221;]Molekule i (nano)materijali za bioFunkcionalne Integracije: od Dizajna do edukacije (bioFIDE) Identifikator projekta: IP-UNIST-47 Tip projekta: Istra\u017eiva\u010dki projekt Izvor financiranja: Europska unija \u2013 program NextGenerationEU Source of funding: European Unio Trajanje projekta: 1.10.2025. &#8211; 30. 09. 2029. Razumijevanje i kontrola biofunkcionalnih interakcija na nano- i molekularnoj razini klju\u010dni su za razvoj [&hellip;]","og_url":"https:\/\/projects.pmfst.unist.hr\/biofide\/","og_site_name":"Molekule i (nano)materijali za bioFunkcionalne Integracije: od Dizajna do edukacije (bioFIDE)","article_modified_time":"2026-02-25T10:30:24+00:00","twitter_card":"summary_large_image","twitter_misc":{"Procijenjeno vrijeme \u010ditanja":"2 minute"},"schema":{"@context":"https:\/\/schema.org","@graph":[{"@type":"WebPage","@id":"https:\/\/projects.pmfst.unist.hr\/biofide\/","url":"https:\/\/projects.pmfst.unist.hr\/biofide\/","name":"bioFIDE - Molekule i (nano)materijali za bioFunkcionalne Integracije: od Dizajna do edukacije (bioFIDE)","isPartOf":{"@id":"https:\/\/projects.pmfst.unist.hr\/biofide\/#website"},"datePublished":"2026-02-10T12:26:21+00:00","dateModified":"2026-02-25T10:30:24+00:00","breadcrumb":{"@id":"https:\/\/projects.pmfst.unist.hr\/biofide\/#breadcrumb"},"inLanguage":"hr","potentialAction":[{"@type":"ReadAction","target":["https:\/\/projects.pmfst.unist.hr\/biofide\/"]}]},{"@type":"BreadcrumbList","@id":"https:\/\/projects.pmfst.unist.hr\/biofide\/#breadcrumb","itemListElement":[{"@type":"ListItem","position":1,"name":"Po\u010detna stranica","item":"https:\/\/projects.pmfst.unist.hr\/biofide\/"},{"@type":"ListItem","position":2,"name":"bioFIDE"}]},{"@type":"WebSite","@id":"https:\/\/projects.pmfst.unist.hr\/biofide\/#website","url":"https:\/\/projects.pmfst.unist.hr\/biofide\/","name":"Molekule i (nano)materijali za bioFunkcionalne Integracije: od Dizajna do edukacije (bioFIDE)","description":"","potentialAction":[{"@type":"SearchAction","target":{"@type":"EntryPoint","urlTemplate":"https:\/\/projects.pmfst.unist.hr\/biofide\/?s={search_term_string}"},"query-input":{"@type":"PropertyValueSpecification","valueRequired":true,"valueName":"search_term_string"}}],"inLanguage":"hr"}]}},"_links":{"self":[{"href":"https:\/\/projects.pmfst.unist.hr\/biofide\/wp-json\/wp\/v2\/pages\/6","targetHints":{"allow":["GET"]}}],"collection":[{"href":"https:\/\/projects.pmfst.unist.hr\/biofide\/wp-json\/wp\/v2\/pages"}],"about":[{"href":"https:\/\/projects.pmfst.unist.hr\/biofide\/wp-json\/wp\/v2\/types\/page"}],"author":[{"embeddable":true,"href":"https:\/\/projects.pmfst.unist.hr\/biofide\/wp-json\/wp\/v2\/users\/1"}],"replies":[{"embeddable":true,"href":"https:\/\/projects.pmfst.unist.hr\/biofide\/wp-json\/wp\/v2\/comments?post=6"}],"version-history":[{"count":6,"href":"https:\/\/projects.pmfst.unist.hr\/biofide\/wp-json\/wp\/v2\/pages\/6\/revisions"}],"predecessor-version":[{"id":67,"href":"https:\/\/projects.pmfst.unist.hr\/biofide\/wp-json\/wp\/v2\/pages\/6\/revisions\/67"}],"wp:attachment":[{"href":"https:\/\/projects.pmfst.unist.hr\/biofide\/wp-json\/wp\/v2\/media?parent=6"}],"curies":[{"name":"wp","href":"https:\/\/api.w.org\/{rel}","templated":true}]}}