{"id":42,"date":"2026-02-09T09:24:52","date_gmt":"2026-02-09T08:24:52","guid":{"rendered":"https:\/\/projects.pmfst.unist.hr\/biogvek\/publikacije\/"},"modified":"2026-03-31T12:50:01","modified_gmt":"2026-03-31T10:50:01","slug":"publikacije","status":"publish","type":"page","link":"https:\/\/projects.pmfst.unist.hr\/biogvek\/publikacije\/?lang=en","title":{"rendered":"Publications"},"content":{"rendered":"<div class=\"wpb-content-wrapper\">[vc_row][vc_column][vc_column_text margin_bottom=&#8221;0&#8243; css=&#8221;.vc_custom_1774954286869{margin-bottom: 0px !important;}&#8221;]\n<ul>\n<li>Petri\u0107, M.; Stani\u0107, R.; \u0106urko, T.; Apostolska, B.; Sovulj, A.; \u0160anti\u0107, M.; Trumbi\u0107, \u017d. Genetic Characterization of the Rayed Pearl Oyster Pinctada radiata in the Eastern Adriatic Sea (Central Mediterranean). Genes 2026, 17, 397. <a href=\"https:\/\/doi.org\/10.3390\/genes17040397\">https:\/\/doi.org\/10.3390\/genes17040397<\/a><\/li>\n<\/ul>\n[\/vc_column_text][\/vc_column][\/vc_row][vc_row][vc_column][vc_column_text]\n<ul>\n<li>Puljas, S.; Kamenjarin, J.; \u0160amani\u0107, I. Structural Complexity of <em>Quercus virgiliana<\/em> Galls Induced by <em>Andricus quercustozae<\/em> (Hymenoptera: Cynipidae). <em>Int. J. Plant Biol.<\/em> <strong>2026<\/strong>, <em>17<\/em>, 9. https:\/\/doi.org\/10.3390\/ijpb17020009<\/li>\n<\/ul>\n[\/vc_column_text][\/vc_column][\/vc_row]\n<\/div>","protected":false},"excerpt":{"rendered":"<p>[vc_row][vc_column][vc_column_text margin_bottom=&#8221;0&#8243; css=&#8221;.vc_custom_1774954286869{margin-bottom: 0px !important;}&#8221;] Petri\u0107, M.; Stani\u0107, R.; \u0106urko, T.; Apostolska, B.; Sovulj, A.; \u0160anti\u0107, M.; Trumbi\u0107, \u017d. Genetic Characterization of the Rayed Pearl Oyster Pinctada radiata in the Eastern Adriatic Sea (Central Mediterranean). Genes 2026, 17, 397. https:\/\/doi.org\/10.3390\/genes17040397 [\/vc_column_text][\/vc_column][\/vc_row][vc_row][vc_column][vc_column_text] Puljas, S.; Kamenjarin, J.; \u0160amani\u0107, I. Structural Complexity of Quercus virgiliana Galls Induced by [&hellip;]<\/p>\n","protected":false},"author":1,"featured_media":0,"parent":0,"menu_order":0,"comment_status":"closed","ping_status":"closed","template":"","meta":{"footnotes":""},"class_list":["post-42","page","type-page","status-publish","hentry"],"yoast_head":"<!-- This site is optimized with the Yoast SEO plugin v27.3 - https:\/\/yoast.com\/product\/yoast-seo-wordpress\/ -->\n<title>Publications - Biolo\u0161ka mre\u017ea: istra\u017eivanje bioraznolikosti kroz gene, vrste i ekosustave<\/title>\n<meta name=\"robots\" content=\"index, follow, max-snippet:-1, max-image-preview:large, max-video-preview:-1\" \/>\n<link rel=\"canonical\" href=\"https:\/\/projects.pmfst.unist.hr\/biogvek\/publikacije\/\" \/>\n<meta property=\"og:locale\" content=\"hr_HR\" \/>\n<meta property=\"og:type\" content=\"article\" \/>\n<meta property=\"og:title\" content=\"Publications - Biolo\u0161ka mre\u017ea: istra\u017eivanje bioraznolikosti kroz gene, vrste i ekosustave\" \/>\n<meta property=\"og:description\" content=\"[vc_row][vc_column][vc_column_text margin_bottom=&#8221;0&#8243; css=&#8221;.vc_custom_1774954286869{margin-bottom: 0px !important;}&#8221;] Petri\u0107, M.; Stani\u0107, R.; \u0106urko, T.; Apostolska, B.; Sovulj, A.; \u0160anti\u0107, M.; Trumbi\u0107, \u017d. Genetic Characterization of the Rayed Pearl Oyster Pinctada radiata in the Eastern Adriatic Sea (Central Mediterranean). Genes 2026, 17, 397. https:\/\/doi.org\/10.3390\/genes17040397 [\/vc_column_text][\/vc_column][\/vc_row][vc_row][vc_column][vc_column_text] Puljas, S.; Kamenjarin, J.; \u0160amani\u0107, I. Structural Complexity of Quercus virgiliana Galls Induced by [&hellip;]\" \/>\n<meta property=\"og:url\" content=\"https:\/\/projects.pmfst.unist.hr\/biogvek\/publikacije\/?lang=en\" \/>\n<meta property=\"og:site_name\" content=\"Biolo\u0161ka mre\u017ea: istra\u017eivanje bioraznolikosti kroz gene, vrste i ekosustave\" \/>\n<meta property=\"article:modified_time\" content=\"2026-03-31T10:50:01+00:00\" \/>\n<meta name=\"twitter:card\" content=\"summary_large_image\" \/>\n<meta name=\"twitter:label1\" content=\"Procijenjeno vrijeme \u010ditanja\" \/>\n\t<meta name=\"twitter:data1\" content=\"1 minuta\" \/>\n<script type=\"application\/ld+json\" class=\"yoast-schema-graph\">{\"@context\":\"https:\\\/\\\/schema.org\",\"@graph\":[{\"@type\":\"WebPage\",\"@id\":\"https:\\\/\\\/projects.pmfst.unist.hr\\\/biogvek\\\/publikacije\\\/?lang=en\",\"url\":\"https:\\\/\\\/projects.pmfst.unist.hr\\\/biogvek\\\/publikacije\\\/?lang=en\",\"name\":\"Publications - Biolo\u0161ka mre\u017ea: istra\u017eivanje bioraznolikosti kroz gene, vrste i ekosustave\",\"isPartOf\":{\"@id\":\"https:\\\/\\\/projects.pmfst.unist.hr\\\/biogvek\\\/#website\"},\"datePublished\":\"2026-02-09T08:24:52+00:00\",\"dateModified\":\"2026-03-31T10:50:01+00:00\",\"breadcrumb\":{\"@id\":\"https:\\\/\\\/projects.pmfst.unist.hr\\\/biogvek\\\/publikacije\\\/?lang=en#breadcrumb\"},\"inLanguage\":\"hr\",\"potentialAction\":[{\"@type\":\"ReadAction\",\"target\":[\"https:\\\/\\\/projects.pmfst.unist.hr\\\/biogvek\\\/publikacije\\\/?lang=en\"]}]},{\"@type\":\"BreadcrumbList\",\"@id\":\"https:\\\/\\\/projects.pmfst.unist.hr\\\/biogvek\\\/publikacije\\\/?lang=en#breadcrumb\",\"itemListElement\":[{\"@type\":\"ListItem\",\"position\":1,\"name\":\"Po\u010detna stranica\",\"item\":\"https:\\\/\\\/projects.pmfst.unist.hr\\\/biogvek\\\/\"},{\"@type\":\"ListItem\",\"position\":2,\"name\":\"Publications\"}]},{\"@type\":\"WebSite\",\"@id\":\"https:\\\/\\\/projects.pmfst.unist.hr\\\/biogvek\\\/#website\",\"url\":\"https:\\\/\\\/projects.pmfst.unist.hr\\\/biogvek\\\/\",\"name\":\"Biolo\u0161ka mre\u017ea: istra\u017eivanje bioraznolikosti kroz gene, vrste i ekosustave\",\"description\":\"\",\"potentialAction\":[{\"@type\":\"SearchAction\",\"target\":{\"@type\":\"EntryPoint\",\"urlTemplate\":\"https:\\\/\\\/projects.pmfst.unist.hr\\\/biogvek\\\/?s={search_term_string}\"},\"query-input\":{\"@type\":\"PropertyValueSpecification\",\"valueRequired\":true,\"valueName\":\"search_term_string\"}}],\"inLanguage\":\"hr\"}]}<\/script>\n<!-- \/ Yoast SEO plugin. -->","yoast_head_json":{"title":"Publications - Biolo\u0161ka mre\u017ea: istra\u017eivanje bioraznolikosti kroz gene, vrste i ekosustave","robots":{"index":"index","follow":"follow","max-snippet":"max-snippet:-1","max-image-preview":"max-image-preview:large","max-video-preview":"max-video-preview:-1"},"canonical":"https:\/\/projects.pmfst.unist.hr\/biogvek\/publikacije\/","og_locale":"hr_HR","og_type":"article","og_title":"Publications - Biolo\u0161ka mre\u017ea: istra\u017eivanje bioraznolikosti kroz gene, vrste i ekosustave","og_description":"[vc_row][vc_column][vc_column_text margin_bottom=&#8221;0&#8243; css=&#8221;.vc_custom_1774954286869{margin-bottom: 0px !important;}&#8221;] Petri\u0107, M.; Stani\u0107, R.; \u0106urko, T.; Apostolska, B.; Sovulj, A.; \u0160anti\u0107, M.; Trumbi\u0107, \u017d. Genetic Characterization of the Rayed Pearl Oyster Pinctada radiata in the Eastern Adriatic Sea (Central Mediterranean). Genes 2026, 17, 397. https:\/\/doi.org\/10.3390\/genes17040397 [\/vc_column_text][\/vc_column][\/vc_row][vc_row][vc_column][vc_column_text] Puljas, S.; Kamenjarin, J.; \u0160amani\u0107, I. Structural Complexity of Quercus virgiliana Galls Induced by [&hellip;]","og_url":"https:\/\/projects.pmfst.unist.hr\/biogvek\/publikacije\/?lang=en","og_site_name":"Biolo\u0161ka mre\u017ea: istra\u017eivanje bioraznolikosti kroz gene, vrste i ekosustave","article_modified_time":"2026-03-31T10:50:01+00:00","twitter_card":"summary_large_image","twitter_misc":{"Procijenjeno vrijeme \u010ditanja":"1 minuta"},"schema":{"@context":"https:\/\/schema.org","@graph":[{"@type":"WebPage","@id":"https:\/\/projects.pmfst.unist.hr\/biogvek\/publikacije\/?lang=en","url":"https:\/\/projects.pmfst.unist.hr\/biogvek\/publikacije\/?lang=en","name":"Publications - Biolo\u0161ka mre\u017ea: istra\u017eivanje bioraznolikosti kroz gene, vrste i ekosustave","isPartOf":{"@id":"https:\/\/projects.pmfst.unist.hr\/biogvek\/#website"},"datePublished":"2026-02-09T08:24:52+00:00","dateModified":"2026-03-31T10:50:01+00:00","breadcrumb":{"@id":"https:\/\/projects.pmfst.unist.hr\/biogvek\/publikacije\/?lang=en#breadcrumb"},"inLanguage":"hr","potentialAction":[{"@type":"ReadAction","target":["https:\/\/projects.pmfst.unist.hr\/biogvek\/publikacije\/?lang=en"]}]},{"@type":"BreadcrumbList","@id":"https:\/\/projects.pmfst.unist.hr\/biogvek\/publikacije\/?lang=en#breadcrumb","itemListElement":[{"@type":"ListItem","position":1,"name":"Po\u010detna stranica","item":"https:\/\/projects.pmfst.unist.hr\/biogvek\/"},{"@type":"ListItem","position":2,"name":"Publications"}]},{"@type":"WebSite","@id":"https:\/\/projects.pmfst.unist.hr\/biogvek\/#website","url":"https:\/\/projects.pmfst.unist.hr\/biogvek\/","name":"Biolo\u0161ka mre\u017ea: istra\u017eivanje bioraznolikosti kroz gene, vrste i ekosustave","description":"","potentialAction":[{"@type":"SearchAction","target":{"@type":"EntryPoint","urlTemplate":"https:\/\/projects.pmfst.unist.hr\/biogvek\/?s={search_term_string}"},"query-input":{"@type":"PropertyValueSpecification","valueRequired":true,"valueName":"search_term_string"}}],"inLanguage":"hr"}]}},"_links":{"self":[{"href":"https:\/\/projects.pmfst.unist.hr\/biogvek\/wp-json\/wp\/v2\/pages\/42","targetHints":{"allow":["GET"]}}],"collection":[{"href":"https:\/\/projects.pmfst.unist.hr\/biogvek\/wp-json\/wp\/v2\/pages"}],"about":[{"href":"https:\/\/projects.pmfst.unist.hr\/biogvek\/wp-json\/wp\/v2\/types\/page"}],"author":[{"embeddable":true,"href":"https:\/\/projects.pmfst.unist.hr\/biogvek\/wp-json\/wp\/v2\/users\/1"}],"replies":[{"embeddable":true,"href":"https:\/\/projects.pmfst.unist.hr\/biogvek\/wp-json\/wp\/v2\/comments?post=42"}],"version-history":[{"count":8,"href":"https:\/\/projects.pmfst.unist.hr\/biogvek\/wp-json\/wp\/v2\/pages\/42\/revisions"}],"predecessor-version":[{"id":70,"href":"https:\/\/projects.pmfst.unist.hr\/biogvek\/wp-json\/wp\/v2\/pages\/42\/revisions\/70"}],"wp:attachment":[{"href":"https:\/\/projects.pmfst.unist.hr\/biogvek\/wp-json\/wp\/v2\/media?parent=42"}],"curies":[{"name":"wp","href":"https:\/\/api.w.org\/{rel}","templated":true}]}}