{"id":6,"date":"2026-02-10T13:26:21","date_gmt":"2026-02-10T12:26:21","guid":{"rendered":"https:\/\/projects.pmfst.unist.hr\/mamos\/?page_id=6"},"modified":"2026-02-11T09:04:32","modified_gmt":"2026-02-11T08:04:32","slug":"o-projektu","status":"publish","type":"page","link":"https:\/\/projects.pmfst.unist.hr\/mamos\/","title":{"rendered":"O projektu"},"content":{"rendered":"<div class=\"wpb-content-wrapper\">[vc_row][vc_column][vc_column_text css=&#8221;&#8221;]\n<strong>Ime projekta:<\/strong> Matemati\u010dko modeliranje i simulacije fizikalnih sustava<br \/>\nAcronym: MaMoS<br \/>\nProject identifier: IP-UNIST-46<br \/>\nType of project: Research Project<br \/>\nFunding body: Europska unija \u2013 program NextGenerationEU<br \/>\nProject duration: until 30. 09. 2029.<\/p>\n<p><strong>Sa\u017eetak: <\/strong>Projekt je fokusiran na matemati\u010dko modeliranje fizikalnih sustava i optimizaciju metoda za rje\u0161avanje diferencijalnih jednad\u017ebi s primjenama na razli\u010ditim skalama od fizike elementarnih \u010destica, kondenzirane materije do astrofizike. S obzirom na stru\u010dnost \u010dlanova tima, ciljevi su podijeljeni na \u010detiri radna paketa:<\/p>\n<ol>\n<li>Analiza strukture i dinamike molekularnih agregata u vodi;<\/li>\n<li>Matemati\u010dko i numeri\u010dko modeliranje atomskih i elektronskih sustava;<\/li>\n<li>Razvoj novih metoda u fizici elementarnih \u010destica i astrofizici;<\/li>\n<li>Istra\u017eivanje u matemati\u010dkoj fizici.<\/li>\n<\/ol>\n<p>Glavni ciljevi prvog paketa su analiza strukturnih i dinami\u010dkih svojstava molekularnih agregata u vodi pomo\u0107u ra\u010dunalnih simulacija te istra\u017eivanje reaktivnosti enzima koji kataliziraju kemijsku reakciju.<br \/>\nDrugi paket se bavi istra\u017eivanjem univerzalnih osobina sustava malog broja atoma u ultrahladnim mje\u0161avinama, istra\u017eivanjem vezanja kolektivnih modova u kompozitnim elektronskim sustavima razli\u010ditih dimenzionalnosti, te razvojem algoritama uz primjenu novih pristupa poput strojnog u\u010denja.<br \/>\nGlavni ciljevi tre\u0107eg paketa su razvoj novih metoda za mjerenje svojstava Higgsovog bozona, razvoj i testiranje novih tehnologija za detektore u fizici visokih energija te usporedba i testiranje okoli\u0161a razli\u010ditih svojstava na stvaranje i formaciju sme\u0111ih patuljaka u mladim zvjezdanim skupovima.<br \/>\nKona\u010dno, \u010detvrti paket se bavi razvojem novih metoda za analizu simetrija i integraciju diferencijalnih jednad\u017ebi, konstrukcijom realizacija koordinata nekomutativnih prostora u Weyl-Heisenbergovoj algebri te konstrukcijom novih tenzorskih kategorija za neke afine verteks-algebre i W-algebre.[\/vc_column_text][\/vc_column][\/vc_row]\n<\/div>","protected":false},"excerpt":{"rendered":"<p>[vc_row][vc_column][vc_column_text css=&#8221;&#8221;] Ime projekta: Matemati\u010dko modeliranje i simulacije fizikalnih sustava Acronym: MaMoS Project identifier: IP-UNIST-46 Type of project: Research Project Funding body: Europska unija \u2013 program NextGenerationEU Project duration: until 30. 09. 2029. Sa\u017eetak: Projekt je fokusiran na matemati\u010dko modeliranje fizikalnih sustava i optimizaciju metoda za rje\u0161avanje diferencijalnih jednad\u017ebi s primjenama na razli\u010ditim skalama od [&hellip;]<\/p>\n","protected":false},"author":1,"featured_media":0,"parent":0,"menu_order":0,"comment_status":"closed","ping_status":"closed","template":"","meta":{"footnotes":""},"class_list":["post-6","page","type-page","status-publish","hentry"],"yoast_head":"<!-- This site is optimized with the Yoast SEO plugin v27.3 - https:\/\/yoast.com\/product\/yoast-seo-wordpress\/ -->\n<title>O projektu - Matemati\u010dko modeliranje i simulacije fizikalnih sustava<\/title>\n<meta name=\"robots\" content=\"index, follow, max-snippet:-1, max-image-preview:large, max-video-preview:-1\" \/>\n<link rel=\"canonical\" href=\"https:\/\/projects.pmfst.unist.hr\/mamos\/\" \/>\n<meta property=\"og:locale\" content=\"hr_HR\" \/>\n<meta property=\"og:type\" content=\"article\" \/>\n<meta property=\"og:title\" content=\"O projektu - Matemati\u010dko modeliranje i simulacije fizikalnih sustava\" \/>\n<meta property=\"og:description\" content=\"[vc_row][vc_column][vc_column_text css=&#8221;&#8221;] Ime projekta: Matemati\u010dko modeliranje i simulacije fizikalnih sustava Acronym: MaMoS Project identifier: IP-UNIST-46 Type of project: Research Project Funding body: Europska unija \u2013 program NextGenerationEU Project duration: until 30. 09. 2029. Sa\u017eetak: Projekt je fokusiran na matemati\u010dko modeliranje fizikalnih sustava i optimizaciju metoda za rje\u0161avanje diferencijalnih jednad\u017ebi s primjenama na razli\u010ditim skalama od [&hellip;]\" \/>\n<meta property=\"og:url\" content=\"https:\/\/projects.pmfst.unist.hr\/mamos\/\" \/>\n<meta property=\"og:site_name\" content=\"Matemati\u010dko modeliranje i simulacije fizikalnih sustava\" \/>\n<meta property=\"article:modified_time\" content=\"2026-02-11T08:04:32+00:00\" \/>\n<meta name=\"twitter:card\" content=\"summary_large_image\" \/>\n<meta name=\"twitter:label1\" content=\"Procijenjeno vrijeme \u010ditanja\" \/>\n\t<meta name=\"twitter:data1\" content=\"2 minute\" \/>\n<script type=\"application\/ld+json\" class=\"yoast-schema-graph\">{\"@context\":\"https:\\\/\\\/schema.org\",\"@graph\":[{\"@type\":\"WebPage\",\"@id\":\"https:\\\/\\\/projects.pmfst.unist.hr\\\/mamos\\\/\",\"url\":\"https:\\\/\\\/projects.pmfst.unist.hr\\\/mamos\\\/\",\"name\":\"O projektu - Matemati\u010dko modeliranje i simulacije fizikalnih sustava\",\"isPartOf\":{\"@id\":\"https:\\\/\\\/projects.pmfst.unist.hr\\\/mamos\\\/#website\"},\"datePublished\":\"2026-02-10T12:26:21+00:00\",\"dateModified\":\"2026-02-11T08:04:32+00:00\",\"breadcrumb\":{\"@id\":\"https:\\\/\\\/projects.pmfst.unist.hr\\\/mamos\\\/#breadcrumb\"},\"inLanguage\":\"hr\",\"potentialAction\":[{\"@type\":\"ReadAction\",\"target\":[\"https:\\\/\\\/projects.pmfst.unist.hr\\\/mamos\\\/\"]}]},{\"@type\":\"BreadcrumbList\",\"@id\":\"https:\\\/\\\/projects.pmfst.unist.hr\\\/mamos\\\/#breadcrumb\",\"itemListElement\":[{\"@type\":\"ListItem\",\"position\":1,\"name\":\"Po\u010detna stranica\",\"item\":\"https:\\\/\\\/projects.pmfst.unist.hr\\\/mamos\\\/\"},{\"@type\":\"ListItem\",\"position\":2,\"name\":\"O projektu\"}]},{\"@type\":\"WebSite\",\"@id\":\"https:\\\/\\\/projects.pmfst.unist.hr\\\/mamos\\\/#website\",\"url\":\"https:\\\/\\\/projects.pmfst.unist.hr\\\/mamos\\\/\",\"name\":\"Matemati\u010dko modeliranje i simulacije fizikalnih sustava\",\"description\":\"\",\"potentialAction\":[{\"@type\":\"SearchAction\",\"target\":{\"@type\":\"EntryPoint\",\"urlTemplate\":\"https:\\\/\\\/projects.pmfst.unist.hr\\\/mamos\\\/?s={search_term_string}\"},\"query-input\":{\"@type\":\"PropertyValueSpecification\",\"valueRequired\":true,\"valueName\":\"search_term_string\"}}],\"inLanguage\":\"hr\"}]}<\/script>\n<!-- \/ Yoast SEO plugin. -->","yoast_head_json":{"title":"O projektu - Matemati\u010dko modeliranje i simulacije fizikalnih sustava","robots":{"index":"index","follow":"follow","max-snippet":"max-snippet:-1","max-image-preview":"max-image-preview:large","max-video-preview":"max-video-preview:-1"},"canonical":"https:\/\/projects.pmfst.unist.hr\/mamos\/","og_locale":"hr_HR","og_type":"article","og_title":"O projektu - Matemati\u010dko modeliranje i simulacije fizikalnih sustava","og_description":"[vc_row][vc_column][vc_column_text css=&#8221;&#8221;] Ime projekta: Matemati\u010dko modeliranje i simulacije fizikalnih sustava Acronym: MaMoS Project identifier: IP-UNIST-46 Type of project: Research Project Funding body: Europska unija \u2013 program NextGenerationEU Project duration: until 30. 09. 2029. Sa\u017eetak: Projekt je fokusiran na matemati\u010dko modeliranje fizikalnih sustava i optimizaciju metoda za rje\u0161avanje diferencijalnih jednad\u017ebi s primjenama na razli\u010ditim skalama od [&hellip;]","og_url":"https:\/\/projects.pmfst.unist.hr\/mamos\/","og_site_name":"Matemati\u010dko modeliranje i simulacije fizikalnih sustava","article_modified_time":"2026-02-11T08:04:32+00:00","twitter_card":"summary_large_image","twitter_misc":{"Procijenjeno vrijeme \u010ditanja":"2 minute"},"schema":{"@context":"https:\/\/schema.org","@graph":[{"@type":"WebPage","@id":"https:\/\/projects.pmfst.unist.hr\/mamos\/","url":"https:\/\/projects.pmfst.unist.hr\/mamos\/","name":"O projektu - Matemati\u010dko modeliranje i simulacije fizikalnih sustava","isPartOf":{"@id":"https:\/\/projects.pmfst.unist.hr\/mamos\/#website"},"datePublished":"2026-02-10T12:26:21+00:00","dateModified":"2026-02-11T08:04:32+00:00","breadcrumb":{"@id":"https:\/\/projects.pmfst.unist.hr\/mamos\/#breadcrumb"},"inLanguage":"hr","potentialAction":[{"@type":"ReadAction","target":["https:\/\/projects.pmfst.unist.hr\/mamos\/"]}]},{"@type":"BreadcrumbList","@id":"https:\/\/projects.pmfst.unist.hr\/mamos\/#breadcrumb","itemListElement":[{"@type":"ListItem","position":1,"name":"Po\u010detna stranica","item":"https:\/\/projects.pmfst.unist.hr\/mamos\/"},{"@type":"ListItem","position":2,"name":"O projektu"}]},{"@type":"WebSite","@id":"https:\/\/projects.pmfst.unist.hr\/mamos\/#website","url":"https:\/\/projects.pmfst.unist.hr\/mamos\/","name":"Matemati\u010dko modeliranje i simulacije fizikalnih sustava","description":"","potentialAction":[{"@type":"SearchAction","target":{"@type":"EntryPoint","urlTemplate":"https:\/\/projects.pmfst.unist.hr\/mamos\/?s={search_term_string}"},"query-input":{"@type":"PropertyValueSpecification","valueRequired":true,"valueName":"search_term_string"}}],"inLanguage":"hr"}]}},"_links":{"self":[{"href":"https:\/\/projects.pmfst.unist.hr\/mamos\/wp-json\/wp\/v2\/pages\/6","targetHints":{"allow":["GET"]}}],"collection":[{"href":"https:\/\/projects.pmfst.unist.hr\/mamos\/wp-json\/wp\/v2\/pages"}],"about":[{"href":"https:\/\/projects.pmfst.unist.hr\/mamos\/wp-json\/wp\/v2\/types\/page"}],"author":[{"embeddable":true,"href":"https:\/\/projects.pmfst.unist.hr\/mamos\/wp-json\/wp\/v2\/users\/1"}],"replies":[{"embeddable":true,"href":"https:\/\/projects.pmfst.unist.hr\/mamos\/wp-json\/wp\/v2\/comments?post=6"}],"version-history":[{"count":3,"href":"https:\/\/projects.pmfst.unist.hr\/mamos\/wp-json\/wp\/v2\/pages\/6\/revisions"}],"predecessor-version":[{"id":42,"href":"https:\/\/projects.pmfst.unist.hr\/mamos\/wp-json\/wp\/v2\/pages\/6\/revisions\/42"}],"wp:attachment":[{"href":"https:\/\/projects.pmfst.unist.hr\/mamos\/wp-json\/wp\/v2\/media?parent=6"}],"curies":[{"name":"wp","href":"https:\/\/api.w.org\/{rel}","templated":true}]}}