{"id":36,"date":"2021-02-18T08:44:00","date_gmt":"2021-02-18T07:44:00","guid":{"rendered":"https:\/\/projects.pmfst.unist.hr\/qacbioact\/?page_id=36"},"modified":"2025-01-30T12:09:44","modified_gmt":"2025-01-30T11:09:44","slug":"contact","status":"publish","type":"page","link":"https:\/\/projects.pmfst.unist.hr\/qacbioact\/contact\/","title":{"rendered":"CONTACT"},"content":{"rendered":"<div class=\"wpb-content-wrapper\">[vc_row][vc_column][mk_contact_info phone=&#8221;+385 21 619 311&#8243; email=&#8221;msprung@pmfst.hr&#8221; address=&#8221;Ru\u0111era Bo\u0161kovi\u0107a 33, 21000 Split, Croatia&#8221; person=&#8221;Matilda \u0160prung&#8221; company=&#8221;Department of Chemistry, Faculty of Science, University of Split&#8221;][\/vc_column][\/vc_row]\n<\/div>","protected":false},"excerpt":{"rendered":"<p>[vc_row][vc_column][mk_contact_info phone=&#8221;+385 21 619 311&#8243; email=&#8221;msprung@pmfst.hr&#8221; address=&#8221;Ru\u0111era Bo\u0161kovi\u0107a 33, 21000 Split, Croatia&#8221; person=&#8221;Matilda \u0160prung&#8221; company=&#8221;Department of Chemistry, Faculty of Science, University of Split&#8221;][\/vc_column][\/vc_row]<\/p>\n","protected":false},"author":1,"featured_media":0,"parent":0,"menu_order":0,"comment_status":"closed","ping_status":"closed","template":"","meta":{"footnotes":""},"class_list":["post-36","page","type-page","status-publish","hentry"],"yoast_head":"<!-- This site is optimized with the Yoast SEO plugin v27.3 - https:\/\/yoast.com\/product\/yoast-seo-wordpress\/ -->\n<title>CONTACT - Discovery and development of new bioactive quaternary ammonium compounds derived from quinuclidine<\/title>\n<meta name=\"robots\" content=\"index, follow, max-snippet:-1, max-image-preview:large, max-video-preview:-1\" \/>\n<link rel=\"canonical\" href=\"https:\/\/projects.pmfst.unist.hr\/qacbioact\/contact\/\" \/>\n<meta property=\"og:locale\" content=\"en_US\" \/>\n<meta property=\"og:type\" content=\"article\" \/>\n<meta property=\"og:title\" content=\"CONTACT - Discovery and development of new bioactive quaternary ammonium compounds derived from quinuclidine\" \/>\n<meta property=\"og:description\" content=\"[vc_row][vc_column][mk_contact_info phone=&#8221;+385 21 619 311&#8243; email=&#8221;msprung@pmfst.hr&#8221; address=&#8221;Ru\u0111era Bo\u0161kovi\u0107a 33, 21000 Split, Croatia&#8221; person=&#8221;Matilda \u0160prung&#8221; company=&#8221;Department of Chemistry, Faculty of Science, University of Split&#8221;][\/vc_column][\/vc_row]\" \/>\n<meta property=\"og:url\" content=\"https:\/\/projects.pmfst.unist.hr\/qacbioact\/contact\/\" \/>\n<meta property=\"og:site_name\" content=\"Discovery and development of new bioactive quaternary ammonium compounds derived from quinuclidine\" \/>\n<meta property=\"article:modified_time\" content=\"2025-01-30T11:09:44+00:00\" \/>\n<meta name=\"twitter:card\" content=\"summary_large_image\" \/>\n<meta name=\"twitter:label1\" content=\"Est. reading time\" \/>\n\t<meta name=\"twitter:data1\" content=\"1 minute\" \/>\n<script type=\"application\/ld+json\" class=\"yoast-schema-graph\">{\"@context\":\"https:\\\/\\\/schema.org\",\"@graph\":[{\"@type\":\"WebPage\",\"@id\":\"https:\\\/\\\/projects.pmfst.unist.hr\\\/qacbioact\\\/contact\\\/\",\"url\":\"https:\\\/\\\/projects.pmfst.unist.hr\\\/qacbioact\\\/contact\\\/\",\"name\":\"CONTACT - Discovery and development of new bioactive quaternary ammonium compounds derived from quinuclidine\",\"isPartOf\":{\"@id\":\"https:\\\/\\\/projects.pmfst.unist.hr\\\/qacbioact\\\/#website\"},\"datePublished\":\"2021-02-18T07:44:00+00:00\",\"dateModified\":\"2025-01-30T11:09:44+00:00\",\"breadcrumb\":{\"@id\":\"https:\\\/\\\/projects.pmfst.unist.hr\\\/qacbioact\\\/contact\\\/#breadcrumb\"},\"inLanguage\":\"en-US\",\"potentialAction\":[{\"@type\":\"ReadAction\",\"target\":[\"https:\\\/\\\/projects.pmfst.unist.hr\\\/qacbioact\\\/contact\\\/\"]}]},{\"@type\":\"BreadcrumbList\",\"@id\":\"https:\\\/\\\/projects.pmfst.unist.hr\\\/qacbioact\\\/contact\\\/#breadcrumb\",\"itemListElement\":[{\"@type\":\"ListItem\",\"position\":1,\"name\":\"Po\u010detna stranica\",\"item\":\"https:\\\/\\\/projects.pmfst.unist.hr\\\/qacbioact\\\/\"},{\"@type\":\"ListItem\",\"position\":2,\"name\":\"CONTACT\"}]},{\"@type\":\"WebSite\",\"@id\":\"https:\\\/\\\/projects.pmfst.unist.hr\\\/qacbioact\\\/#website\",\"url\":\"https:\\\/\\\/projects.pmfst.unist.hr\\\/qacbioact\\\/\",\"name\":\"Discovery and development of new bioactive quaternary ammonium compounds derived from quinuclidine\",\"description\":\"Discovery and development of new bioactive quaternary ammonium compounds derived from quinuclidine\",\"potentialAction\":[{\"@type\":\"SearchAction\",\"target\":{\"@type\":\"EntryPoint\",\"urlTemplate\":\"https:\\\/\\\/projects.pmfst.unist.hr\\\/qacbioact\\\/?s={search_term_string}\"},\"query-input\":{\"@type\":\"PropertyValueSpecification\",\"valueRequired\":true,\"valueName\":\"search_term_string\"}}],\"inLanguage\":\"en-US\"}]}<\/script>\n<!-- \/ Yoast SEO plugin. -->","yoast_head_json":{"title":"CONTACT - Discovery and development of new bioactive quaternary ammonium compounds derived from quinuclidine","robots":{"index":"index","follow":"follow","max-snippet":"max-snippet:-1","max-image-preview":"max-image-preview:large","max-video-preview":"max-video-preview:-1"},"canonical":"https:\/\/projects.pmfst.unist.hr\/qacbioact\/contact\/","og_locale":"en_US","og_type":"article","og_title":"CONTACT - Discovery and development of new bioactive quaternary ammonium compounds derived from quinuclidine","og_description":"[vc_row][vc_column][mk_contact_info phone=&#8221;+385 21 619 311&#8243; email=&#8221;msprung@pmfst.hr&#8221; address=&#8221;Ru\u0111era Bo\u0161kovi\u0107a 33, 21000 Split, Croatia&#8221; person=&#8221;Matilda \u0160prung&#8221; company=&#8221;Department of Chemistry, Faculty of Science, University of Split&#8221;][\/vc_column][\/vc_row]","og_url":"https:\/\/projects.pmfst.unist.hr\/qacbioact\/contact\/","og_site_name":"Discovery and development of new bioactive quaternary ammonium compounds derived from quinuclidine","article_modified_time":"2025-01-30T11:09:44+00:00","twitter_card":"summary_large_image","twitter_misc":{"Est. reading time":"1 minute"},"schema":{"@context":"https:\/\/schema.org","@graph":[{"@type":"WebPage","@id":"https:\/\/projects.pmfst.unist.hr\/qacbioact\/contact\/","url":"https:\/\/projects.pmfst.unist.hr\/qacbioact\/contact\/","name":"CONTACT - Discovery and development of new bioactive quaternary ammonium compounds derived from quinuclidine","isPartOf":{"@id":"https:\/\/projects.pmfst.unist.hr\/qacbioact\/#website"},"datePublished":"2021-02-18T07:44:00+00:00","dateModified":"2025-01-30T11:09:44+00:00","breadcrumb":{"@id":"https:\/\/projects.pmfst.unist.hr\/qacbioact\/contact\/#breadcrumb"},"inLanguage":"en-US","potentialAction":[{"@type":"ReadAction","target":["https:\/\/projects.pmfst.unist.hr\/qacbioact\/contact\/"]}]},{"@type":"BreadcrumbList","@id":"https:\/\/projects.pmfst.unist.hr\/qacbioact\/contact\/#breadcrumb","itemListElement":[{"@type":"ListItem","position":1,"name":"Po\u010detna stranica","item":"https:\/\/projects.pmfst.unist.hr\/qacbioact\/"},{"@type":"ListItem","position":2,"name":"CONTACT"}]},{"@type":"WebSite","@id":"https:\/\/projects.pmfst.unist.hr\/qacbioact\/#website","url":"https:\/\/projects.pmfst.unist.hr\/qacbioact\/","name":"Discovery and development of new bioactive quaternary ammonium compounds derived from quinuclidine","description":"Discovery and development of new bioactive quaternary ammonium compounds derived from quinuclidine","potentialAction":[{"@type":"SearchAction","target":{"@type":"EntryPoint","urlTemplate":"https:\/\/projects.pmfst.unist.hr\/qacbioact\/?s={search_term_string}"},"query-input":{"@type":"PropertyValueSpecification","valueRequired":true,"valueName":"search_term_string"}}],"inLanguage":"en-US"}]}},"_links":{"self":[{"href":"https:\/\/projects.pmfst.unist.hr\/qacbioact\/wp-json\/wp\/v2\/pages\/36","targetHints":{"allow":["GET"]}}],"collection":[{"href":"https:\/\/projects.pmfst.unist.hr\/qacbioact\/wp-json\/wp\/v2\/pages"}],"about":[{"href":"https:\/\/projects.pmfst.unist.hr\/qacbioact\/wp-json\/wp\/v2\/types\/page"}],"author":[{"embeddable":true,"href":"https:\/\/projects.pmfst.unist.hr\/qacbioact\/wp-json\/wp\/v2\/users\/1"}],"replies":[{"embeddable":true,"href":"https:\/\/projects.pmfst.unist.hr\/qacbioact\/wp-json\/wp\/v2\/comments?post=36"}],"version-history":[{"count":0,"href":"https:\/\/projects.pmfst.unist.hr\/qacbioact\/wp-json\/wp\/v2\/pages\/36\/revisions"}],"wp:attachment":[{"href":"https:\/\/projects.pmfst.unist.hr\/qacbioact\/wp-json\/wp\/v2\/media?parent=36"}],"curies":[{"name":"wp","href":"https:\/\/api.w.org\/{rel}","templated":true}]}}